7, 457
Suppose 5*y - 2*m - 165 = 4*y, -m + 177 = y. Let h = y - 75. Suppose -j - o - 3*o = -h, 5*j + 2*o - 472 = 0. List the prime factors of j.
2, 47
Let r = 12094 - -22857. List the prime factors of r.
7, 4993
Let y = 7573 + 1276. List the prime factors of y.
8849
Let b(p) = -312*p - 8. Let u be b(-1). Let o = -288 + u. What are the prime factors of o?
2
Suppose 16 = 3*r + 4*l, 5*r + l - 18 = 3. Suppose 0 = 4*i + 8, v + 244 = 5*v - r*i. Let z = 68 - v. List the prime factors of z.
3
Let y = 246 + 22. Suppose r + 4*x - y = 0, 0*r + 1215 = 5*r - 5*x. What are the prime factors of r?
2, 31
Suppose -g + 1017 = 5*w - 413, 2*w = 0. List the prime factors of g.
2, 5, 11, 13
Let v = -192 - -251. Suppose 55*g = v*g - 1264. What are the prime factors of g?
2, 79
Let o = 136 - 146. Let r(h) = -30*h - 44. List the prime factors of r(o).
2
Let d be (-49)/(-7) - (-7 - -12). Suppose -p = -8*u + 3*u - 1075, d*p - 2164 = 3*u. List the prime factors of p.
5, 7, 31
List the prime factors of (-2)/3*(10989504/320)/((-8)/20).
3, 19079
Suppose 0 = -2*q - 5*f - 187, -q = 2*f - 0*f + 92. Suppose 0 = 4*p, -4*k - 2*p = -7*k + 423. Let n = q + k. What are the prime factors of n?
5, 11
Suppose -15457 = 6*l - 49654 - 24597. What are the prime factors of l?
41, 239
Suppose 4*s = -5*b + 220590, -b + 173*s = 171*s - 44104. What are the prime factors of b?
2, 7, 23, 137
Suppose 0 = 2*s - 0*s - 54. Let n = -168 + 287. Let c = n + s. What are the prime factors of c?
2, 73
Suppose -40*f = -113*f + 215496. What are the prime factors of f?
2, 3, 41
Let o be (4*1/8 + 0)*-2. Let u(f) = -456*f**3 - 3*f**2 - 3*f. What are the prime factors of u(o)?
2, 3, 19
Let l = -7 - 11. What are the prime factors of (-2540)/l + 2/(-18)?
3, 47
Let m(k) = 9*k - 11. Let j be m(1). What are the prime factors of (-22390)/(-50) - j/10?
2, 7
Suppose 120 = -2*g + 2*x, -4*g - 258 = 3*x - x. Let r = 441 - g. What are the prime factors of r?
2, 3, 7
Let r = 633 - 272. Suppose f = -14 + r. List the prime factors of f.
347
List the prime factors of (-31)/(-124) + (-1097955)/(-36).
7, 4357
Let o(w) = 28*w**2 + 79*w + 106. What are the prime factors of o(17)?
7, 29, 47
Let q(s) = 4203*s + 663. What are the prime factors of q(4)?
3, 5, 233
Let m = -851 - -1246. Suppose -m = -103*i + 98*i. List the prime factors of i.
79
Suppose -3*h + 16314 = 3*j, -h - 27166 = -5*j - 0*j. Suppose 0 = -11*n + j - 583. What are the prime factors of n?
3, 7
Let a be (-3 + 4)*-4*(-1 + 0). Let d(y) = 4 - 1 + 5*y - 8*y + a. List the prime factors of d(-9).
2, 17
Suppose -2*v + 6000 = j, -2*v - 111 + 117 = 0. What are the prime factors of j?
2, 3, 37
Let l = 111378 + -43954. What are the prime factors of l?
2, 7, 43
Let r(d) = 22*d**2 - 62*d + 347. List the prime factors of r(7).
991
Let x = -97 - -111. Suppose -10*y - 1580 = -x*y. List the prime factors of y.
5, 79
Let t(i) = i**3 - 3*i**2 - 7*i + 3. Let d be t(5). Let p be (11/11 + (-16)/(-3))*d. Suppose -12*q - p = -14*q. What are the prime factors of q?
3, 19
Suppose 3*k - 2*r = -0*r + 7, -5*k + 5*r + 10 = 0. Suppose -2*j - 2*l = 74, -4*j - 36 = -k*l + 105. Let x = j - -66. List the prime factors of x.
2, 3, 5
Let a(t) be the first derivative of -t**3/3 + 25*t**2 + 5*t + 39. List the prime factors of a(25).
2, 3, 5, 7
Suppose -32*r = -12*r - 153760. Suppose 0 = 466*z - 474*z + r. What are the prime factors of z?
31
Suppose 58*c - 53*c = 4*w + 42483, 3*c + 2*w = 25481. What are the prime factors of c?
5, 1699
Let j = 261 + -260. Let o(w) = 422*w**3 + 2*w**2 - w. What are the prime factors of o(j)?
3, 47
Suppose 0 = -2*d + g + 323, 4*d - 2*g = 5*d - 174. Suppose a - d = -a. What are the prime factors of a?
2, 41
Let f be 3/(18/(-112))*134037/(-636). Suppose b = 2*l - f, -5*b + 2334 + 3541 = 3*l. What are the prime factors of l?
3, 5, 131
Let n = 810 + 174. Let b(j) = 475*j - 2371. Let x be b(5). Suppose -v - z = -0*z - 240, -2*z = -x*v + n. List the prime factors of v.
2, 61
Suppose 4*o + 114 = 5*h, 0*h + 2*h - 4*o - 36 = 0. Suppose 11209 = -15*g + h*g. What are the prime factors of g?
1019
Let a(s) = -383 + 10*s**2 - 43*s + 0*s**2 + 727. What are the prime factors of a(9)?
13, 59
Suppose -26*j + 55 = -15*j. Suppose -2*l + 7*l = j*i - 24235, 3*l = -2*i - 14531. List the prime factors of 3/(-7) - l/35.
2, 3, 23
List the prime factors of 0 + (-8761)/(-1) - (1 - -2).
2, 29, 151
Let g = -3364 + 17457. List the prime factors of g.
17, 829
Let v be (-1)/(4*2/(-384)). List the prime factors of ((-589)/(-3))/(16/v).
19, 31
Let i be (-1 + 3 - 49) + 0 + 1. Let j = 48 + i. Suppose 3*s - 281 = -f, -j*s + 88 = -5*f - 88. What are the prime factors of s?
3, 31
Suppose 0 = 2*q - 4*c - 72594, -2*q - 102*c + 97*c + 72567 = 0. List the prime factors of q.
3, 12097
Let w(k) = 1031*k - 405. What are the prime factors of w(12)?
3, 3989
Let i(g) = -g**3 + 20*g**2 + 16*g - 11. Let h be i(22). Let u = 427 + h. Let a = u - -383. What are the prime factors of a?
3, 61
Let d be (-8)/(-6)*2595/10. Let v = d + -206. What are the prime factors of v?
2, 5, 7
Let m(r) be the first derivative of r**3/3 + 4*r**2 + 14*r + 68. What are the prime factors of m(10)?
2, 97
Let q(d) = -5371*d + 3639. List the prime factors of q(-6).
3, 5, 797
Suppose -3211563 = -270*o + 3976647. List the prime factors of o.
79, 337
Let d be (-6)/9 + (-76)/(-6). Let y(u) = -u**2 + 6*u - 29. Let o be y(d). Let l = 169 + o. What are the prime factors of l?
2, 17
Let y be -2*(-4 - (2058/(-12))/(-7)). Suppose -y*n = -47*n - 900. What are the prime factors of n?
2, 3, 5
Suppose 5*k + 4*d + 146 + 596 = 0, 4*k - d = -581. Let t = -28 - k. What are the prime factors of t?
2, 59
Let z(d) = -145*d + 1965. What are the prime factors of z(-15)?
2, 3, 5, 23
Let d(z) = -105*z + 39. Let x be d(-6). Suppose 667*o + 1720 = x*o. What are the prime factors of o?
2, 5, 43
Let m(q) = 22*q**2 - 869*q + 42. What are the prime factors of m(43)?
7, 479
Suppose -9*i + 15 = -12. Suppose 0 = 2*h + 2, 2*j - i*j + 521 = 3*h. What are the prime factors of j?
2, 131
Suppose 3*m + 5*a = 3015, 4*m - 2*a + 3006 = 7*m. Suppose -281*v + 279*v + m = 0. List the prime factors of v.
2, 5
Let y be 8 + 1 + (-217)/(-7). Suppose -17*x + 43263 = y*x. What are the prime factors of x?
3, 11, 23
Suppose -12 = -2*d + 3*u, d + 3*u = 5 + 1. Suppose -6868 = -11*k - d*k. List the prime factors of k.
2, 101
Let k(u) be the third derivative of u**4/6 - 4*u**3 - 11*u**2. Let f(b) = 9*b - 49. Let q(c) = 6*f(c) - 13*k(c). What are the prime factors of q(5)?
2, 7
Suppose -71*c + 185625 + 168594 = 0. What are the prime factors of c?
3, 1663
Let z(f) = -20*f. Let h be z(-1). Let b = -2 + h. Let t = b + 57. List the prime factors of t.
3, 5
Let o be (0 + ((-4)/6)/1)*3. Let j be 318/(-12)*o/1. Let v = -41 + j. What are the prime factors of v?
2, 3
Let y(f) = -20 - 10*f**2 - 6 + 38*f**2 + 8*f**2 + 13*f. List the prime factors of y(3).
337
Suppose 4*i = 5*s + 4292, 3*s + 727 + 1421 = 2*i. List the prime factors of i - 6*6/(-4).
3, 359
Let u = -451 - -469. Suppose 4774 + 9122 = u*b. What are the prime factors of b?
2, 193
Let c(l) = 6*l**2 + 38*l + 119. List the prime factors of c(31).
7, 1009
Let s = 10342 + -4053. What are the prime factors of s?
19, 331
Let j(h) = -176*h - 6. Let x be j(-6). Suppose f - 3 = 2*f, 3*q + 4*f - x = 0. Suppose 7*l - 4*u = 4*l + 278, -q = -4*l + 2*u. List the prime factors of l.
2, 43
Suppose 4*o = -25 + 9. Suppose -5*y + 13 + 8 = -3*u, u - 9 = -y. List the prime factors of 131 - (y/o)/((-3)/4).
3, 43
Let n = 237 - 235. Suppose -4*p + 464 = -5*l, -3*p = -n*l - 322 - 26. What are the prime factors of p?
2, 29
Let j = -776 - -643. Let n = 55 - 119. Let u = n - j. List the prime factors of u.
3, 23
Suppose 5*n - 90122 = 74*b + 6968, 0 = 4*n + 2*b - 77978. What are the prime factors of n?
2, 11, 443
Let f(u) = 45*u - 21. Let r be f(6). Suppose -r - 255 = 4*s. Let w = s - -223. List the prime factors of w.
97
Let x(f) = f**3 + 8*f**2 - 3*f - 18. Let g be x(-8). Let b = 85 + g. Let u = b - 43. List the prime factors of u.
2, 3
Let c = -156 + 279. Let b = c - -26. List the prime factors of b.
149
Let i = 45577 - 5358. What are the prime factors of i?
37, 1087
Suppose 6*q - 201362 = -42128. List the prime factors of q.
26539
Let l be 188 + 1 - (-16 - -10)/6. Let s be (-27)/(-1 -